*c = h - 765 - 353. What is the thousands digit of h?
1
Let r(a) = 2*a**2 - 27*a - 16. Let k be r(12). Let u = 27 - k. What is the units digit of u?
9
Suppose 3640 = b + m, 5*b - 378*m = -382*m + 18195. What is the tens digit of b?
3
Suppose 2*k = 42 - 10. What is the units digit of k/(-56) - 100/(-7)?
4
Let h(f) = 9*f + 8. Let b be h(4). Let r = 4 + b. Let g = -19 + r. What is the units digit of g?
9
Let j = 6943 + -4749. What is the tens digit of j?
9
Suppose -l = 2*f - 4, 0*f + 3*f = -2*l + 4. Suppose 0 = -g + 2 + f. What is the units digit of 2/g*(18 - -114)?
4
Let y(o) = -4*o + 4. Let t = -34 - -21. Let u be y(t). Suppose -4*s - u = -212. What is the tens digit of s?
3
Let j(r) = 576*r**2 - 30*r. What is the thousands digit of j(2)?
2
Suppose 3*d - 3*h = 4740, 4*d - 5*h - 8416 + 2099 = 0. What is the units digit of d?
3
What is the units digit of 1/(-1) + (-1554)/(-147)*329?
7
Suppose -6*k + 1496 = 92. What is the units digit of k?
4
Let z be 0 + 4*(-4 + 3)*10. Let p be 1/(1/(-67)) + 2. Let j = z - p. What is the tens digit of j?
2
Let m(j) = -j**2 - 60*j + 4. What is the hundreds digit of m(-19)?
7
Let a(m) be the third derivative of -11*m**4/12 + 7*m**3/6 + m**2. Let n be a(-4). Suppose -b = -o + 4*o - n, 4*b + 85 = 3*o. What is the tens digit of o?
3
Let d(j) = 12*j + 7. Let x(z) = -13*z - 6. Let g(u) = 3*d(u) + 4*x(u). What is the units digit of g(-6)?
3
Let u = -629 - -1034. What is the hundreds digit of u?
4
Suppose 0 = -3*v - v. Suppose 2*x + 19 = -5*f, v = -2*x - 2*x - 4*f - 32. Let a = 21 + x. What is the units digit of a?
4
What is the tens digit of 2302/9 - 14/(-63)?
5
Suppose 2*p = 3*p - 493. What is the tens digit of p?
9
Let o = 82 + -12. What is the tens digit of ((o - 3) + 0)*1?
6
Let x(d) = d**2 + 11*d + 22. Let f be x(-9). Suppose f*h + 22 = 262. What is the units digit of (-1)/(1 - 64/h)?
5
Let i = 247 - -563. What is the tens digit of i?
1
Let m(g) = -g**3 - 16*g**2 - 13*g - 13. Let b be m(-11). What is the units digit of ((b/(-15))/5)/((-2)/(-54))?
1
Suppose -13077 - 27783 = -20*y. What is the hundreds digit of y?
0
Let r(o) = -56*o + 1007. What is the tens digit of r(17)?
5
Let p(l) = l**2 - 20*l + 33. Let m be p(20). Suppose 550 = -28*j + m*j. What is the hundreds digit of j?
1
Suppose 0 = 3*t + 5*y - y - 4, 0 = 4*t - y + 1. Suppose -g + 37 + 32 = t. What is the tens digit of g?
6
Suppose 2*i + 8 = 2*a - 0*i, a = -4*i - 16. Suppose -4*w - t = -4*t + 44, a = -3*w - 3*t - 33. Let d = w + 19. What is the units digit of d?
8
Suppose 72*r - 18298 = 65*r. What is the units digit of r?
4
Suppose -5*d = 2 - 12. Suppose 0 = 4*f + d*h + 20, -h + 2*h = 5*f + 39. Let u(b) = -2*b + 4. What is the tens digit of u(f)?
1
Let j = -707 - -1207. What is the units digit of j?
0
What is the tens digit of (2/(-2)*2)/(2/(-5606))?
0
Let b(n) be the second derivative of 5*n**3/6 + 4*n. Let u be -5*(-1 + (-12)/(-15)). What is the units digit of b(u)?
5
Let b(u) = u + 9. Let j be b(-4). Let h(f) = -f**2 + 3*f + 12. Let k be h(j). Suppose -5*y + 172 = k. What is the tens digit of y?
3
Suppose 0*c - 4*c = 96. Let w be c/(-1)*44/8. Let p = w + -90. What is the tens digit of p?
4
Suppose -750 + 80 = -2*a. What is the hundreds digit of a?
3
Let i be -2 + (2 - -1) + 5 + -1. Suppose -5*p + i*x = -450, -p = -2*p + 4*x + 81. What is the units digit of p?
3
Let m(b) = 181*b**2 + 3*b - 4. What is the hundreds digit of m(-3)?
6
Suppose -3*h - 7*h + 5400 = 0. Suppose -x + h = 4*x. What is the hundreds digit of x?
1
Suppose -5*t + 25*z = 23*z - 5057, -1012 = -t + z. What is the tens digit of t?
1
Suppose 14244 - 95304 = -20*k. What is the hundreds digit of k?
0
Let j be (5 + -5)/((-4)/2). Suppose 0 = -j*w + w - 70. What is the units digit of w?
0
Suppose 32 = 5*w - 3*p - 1, 4*w + 2*p = 22. Let m be 442/4 - 3/w. Suppose -5*g + m = -35. What is the units digit of g?
9
What is the hundreds digit of 242/(7/21*1)?
7
Suppose h - 537 = -2*x - x, 2*h - 1118 = 5*x. What is the tens digit of h?
4
What is the hundreds digit of ((-3)/5 - -1) + 120230/550?
2
Suppose 0 = 17*b - 15*b - 168. What is the units digit of b?
4
Suppose -z = 1, -4*z - 995 = -5*d - 206. What is the units digit of d?
7
Let m(q) = 2*q**3 - 8*q**2 + 10*q - 6. Let r be m(6). Suppose -9*l = -12*l + r. What is the units digit of l?
6
Suppose m - 5*m + 84 = 0. Let q = m - 12. Let f = 10 - q. What is the units digit of f?
1
Let x be (-2)/(-3)*24 - 4. Let i be x/(-18) + (-8)/(-3). Suppose -4*w = 0, -i*q - w = -7*q + 170. What is the units digit of q?
4
Let q = 1251 + -877. Let p = -257 + q. What is the units digit of p?
7
Suppose 3*d - 9 = 2*d. What is the tens digit of (-3)/(9/(-19))*d?
5
Let n(p) = p**3 - 12*p**2 + p - 14. Let y(r) = r**3 - 4*r**2 - 3*r + 2. Let t be y(5). Let f be n(t). Let z = f + 6. What is the units digit of z?
4
Let c(w) be the first derivative of 37*w**2 - 8*w + 35. What is the tens digit of c(3)?
1
Suppose -5*d = 2*y - 8251, 12*y - 15*y + 8249 = 5*d. What is the units digit of d?
1
Let m(q) = -q**2 + 16. Let s = -9 + 9. Let b be m(s). Suppose 72 = 4*w + b. What is the tens digit of w?
1
Let q be (64 - (-6 + 5)) + (-3 - -1). Let u = q + -32. What is the units digit of u?
1
Let b = 88 + -34. Let c = b + -21. What is the tens digit of c?
3
Let t(q) = -q + 6. Suppose 11 = 5*w - 9. Let h be t(w). Suppose -h*x - 11 = -47. What is the units digit of x?
8
Suppose -84 + 354 = -3*m. What is the units digit of ((-60)/m)/(2/75)?
5
Let y be 0*6/12 - -1. Suppose -3*a + 0*a = 5*p - 7, -4*a = -4*p + 12. Let z = y - a. What is the units digit of z?
2
Suppose 205*i - 222*i + 13957 = 0. What is the tens digit of i?
2
Let x be 1992/(-27) + (-4)/18. What is the tens digit of -2*x/8*2?
3
Let x(p) = p**3 + 24*p**2 + 48*p - 29. What is the hundreds digit of x(-18)?
0
Let p be (1/2)/((-13)/52). Let t be 1*7*(p + 3). Suppose -2*w - 115 = -t*w. What is the units digit of w?
3
Suppose 0 = -3*q + 24 + 357. Let g = q - 71. What is the units digit of g?
6
Let x(h) = -h**3 - 10*h**2 + 10*h - 9. Let w be x(-11). Suppose -10 + 2 = -w*z. Suppose 2*t - 52 = -4*r, 2*t = z*r + t - 64. What is the units digit of r?
5
Let g be 3/((-3)/9 + 0). Let h = -6 - g. What is the tens digit of h/(0 - 3) - -13?
1
Let w = -59 + 116. What is the units digit of w?
7
What is the units digit of (17616/(-20))/(53/(-10) - -5)?
6
Suppose -5*w = -4*c + 8, 5*c - 56 = -4*w - 5. Let m(a) = c + 1 + 0*a - a. What is the units digit of m(-9)?
7
Suppose 25*w = 31*w - 2508. What is the tens digit of -3 - 1/(-1*2/w)?
0
Suppose 4*c - 8*c = -28. Suppose 0 = 3*a - c - 5. Suppose -a*i - 6 = -42. What is the units digit of i?
9
Suppose g + 3*g = 8. Suppose -2*z = g*m + 6, -3*m + z = -2*m - 3. Suppose m = 2*q - 0*q - 26. What is the tens digit of q?
1
What is the thousands digit of (-138)/(-9)*(4 - -98)?
1
Let k(u) = 2*u**2 + 2*u + 6. Let i be k(-10). Let s = i + -102. Suppose -2*y + 2*v + v + s = 0, 0 = -2*y + 4*v + 82. What is the units digit of y?
5
Suppose 0*u - 1331 = -11*u. What is the units digit of u?
1
Let x = 2634 - 1669. What is the tens digit of x?
6
Suppose -4*w + 16 = 0, -3*w = 3*l - 2*w - 9142. What is the thousands digit of l?
3
Suppose 0 = -0*c + 2*c - 66. Let j be (-4)/(-2) + (-202)/(-2). Suppose -c = 5*s - j. What is the units digit of s?
4
Let q be 29 + 3*(-4)/(-6). Suppose 0 = -8*g - 96. Let o = g + q. What is the tens digit of o?
1
Let v be 429 + 3 + (-3 - -1). Suppose -v = -3*q - 2*q. What is the tens digit of q?
8
Let s(c) = -2*c**2 - 14*c + 20. Let g(y) = -y + 1. Let m(i) = i**2 - i. Let f(l) = g(l) - m(l). Let h(j) = 3*f(j) - s(j). What is the units digit of h(12)?
7
Suppose h + 9844 = 5*s, 27*h = 5*s + 23*h - 9841. What is the thousands digit of s?
1
Suppose 119 = -3*a - 10. Let x = 73 + a. What is the tens digit of x?
3
Let w(f) = -2*f**2 - 8*f**2 + f**3 + 21*f**2 - 6*f**2 - 12*f - 9. What is the units digit of w(-4)?
5
Let n be (-280)/7 + 0 + 2. Let x = n + 44. Suppose -d + x*m = 5*m - 53, -3*d + 161 = -m. What is the tens digit of d?
5
Let w(p) = 13*p**2 - 1. Let v be w(2). Suppose -3*l + 3*x = -v - 432, 2*x = 5*l - 790. What is the units digit of l?
6
Suppose -4*u = -3*h - 19, u + 0*u - h - 5 = 0. Suppose 686 = u*x + 3*d, 3*x - 616 = 5*d - 87. What is the tens digit of x?
7
Let k = 98 - -119. What is the tens digit o